{"id":247,"date":"2023-08-26T16:47:26","date_gmt":"2023-08-26T14:47:26","guid":{"rendered":"https:\/\/www.zicosite.fr\/new_site\/?page_id=247"},"modified":"2023-08-26T16:47:26","modified_gmt":"2023-08-26T14:47:26","slug":"qui-sommes-nous","status":"publish","type":"page","link":"https:\/\/www.zicosite.fr\/new_site\/qui-sommes-nous\/","title":{"rendered":"Qui sommes nous ?"},"content":{"rendered":"\n<div class=\"wp-block-columns is-layout-flex wp-container-core-columns-is-layout-28f84493 wp-block-columns-is-layout-flex\">\n<div class=\"wp-block-column is-layout-flow wp-block-column-is-layout-flow\">\n<h2 class=\"wp-block-heading has-luminous-vivid-orange-color has-text-color has-large-font-size\"><strong>Notre origine<\/strong><\/h2>\n\n\n\n<p class=\"has-text-align-left has-small-font-size\">    Association essonnienne de Villejust, Zicorama trouve son origine en 2004, quand deux associations de Saulx les Chartreux (l\u2019une orient\u00e9e \u00abTh\u00e9\u00e2tre\u00bb et l\u2019autre \u00abMusique\u00bb),\u00a0 motiv\u00e9es par leurs d\u00e9sirs communs de cr\u00e9er de nouveaux projets, d\u00e9cident de cor\u00e9aliser un spectacle dans le cadre d\u2019un partenariat associatif.<br>\u00a0\u00a0\u00a0 Un premier spectacle a donc \u00e9t\u00e9 r\u00e9alis\u00e9 avec la municipalit\u00e9 de Villejust, comprenant 3 repr\u00e9sentations en novembre 2005 devant un public de pr\u00e8s de 1200 spectateurs.<\/p>\n\n\n\n<figure class=\"wp-block-image size-full\"><img loading=\"lazy\" decoding=\"async\" width=\"544\" height=\"362\" src=\"https:\/\/www.zicosite.fr\/new_site\/wp-content\/uploads\/2023\/08\/image006.jpg\" alt=\"\" class=\"wp-image-248\" srcset=\"https:\/\/www.zicosite.fr\/new_site\/wp-content\/uploads\/2023\/08\/image006.jpg 544w, https:\/\/www.zicosite.fr\/new_site\/wp-content\/uploads\/2023\/08\/image006-300x200.jpg 300w\" sizes=\"auto, (max-width: 544px) 100vw, 544px\" \/><\/figure>\n\n\n\n<p>    Forts de ce succ\u00e8s et encourag\u00e9s par les municipalit\u00e9s locales, nous avons cr\u00e9\u00e9 en Janvier 2006 une association, loi 1901, du nom de Zicorama91, domicili\u00e9e en mairie de Villejust.<\/p>\n\n\n\n<p>\u00a0\u00a0\u00a0 Notre association a pour objet de produire, coproduire, r\u00e9aliser et cor\u00e9aliser des spectacles musicaux de type concerts afin de promouvoir l\u2019expression musicale et artistique sous toutes ses formes dans notre r\u00e9gion.<\/p>\n\n\n\n<figure class=\"wp-block-image size-full\"><img loading=\"lazy\" decoding=\"async\" width=\"363\" height=\"233\" src=\"https:\/\/www.zicosite.fr\/new_site\/wp-content\/uploads\/2023\/08\/clip.jpg\" alt=\"\" class=\"wp-image-249\" srcset=\"https:\/\/www.zicosite.fr\/new_site\/wp-content\/uploads\/2023\/08\/clip.jpg 363w, https:\/\/www.zicosite.fr\/new_site\/wp-content\/uploads\/2023\/08\/clip-300x193.jpg 300w\" sizes=\"auto, (max-width: 363px) 100vw, 363px\" \/><\/figure>\n\n\n\n<p>    <em>Depuis notre projet 2008, nous avons d\u00e9cid\u00e9 d\u2019accompagner et de soutenir de diverses mani\u00e8res \u00e0 travers nos d\u00e9marches et repr\u00e9sentations, l\u2019ARTC (Association de Recherche contre les Tumeurs C\u00e9r\u00e9brales) par l\u2019interm\u00e9diaire de son antenne de Verri\u00e8res le Buisson et dont le si\u00e8ge est situ\u00e9 \u00e0 la Piti\u00e9 Salp\u00eatri\u00e8re.<\/em><\/p>\n<\/div>\n\n\n\n<div class=\"wp-block-column is-layout-flow wp-block-column-is-layout-flow\">\n<h2 class=\"wp-block-heading has-luminous-vivid-orange-color has-text-color has-large-font-size\"><strong>Le concept<\/strong><\/h2>\n\n\n\n<p>    \u00a0Il est de r\u00e9aliser, au rythme d\u2019un nouveau projet tous les un ou deux ans, un spectacle musical d\u2019environ 2h30, pr\u00e9sentant une vingtaine de s\u00e9quences se succ\u00e9dant dans des d\u00e9cors et costumes diff\u00e9rents, suivant le choix artistique.<\/p>\n\n\n\n<figure class=\"wp-block-image size-large\"><img loading=\"lazy\" decoding=\"async\" width=\"1024\" height=\"681\" src=\"https:\/\/www.zicosite.fr\/new_site\/wp-content\/uploads\/2023\/08\/193_H15-1024x681.jpg\" alt=\"\" class=\"wp-image-250\" srcset=\"https:\/\/www.zicosite.fr\/new_site\/wp-content\/uploads\/2023\/08\/193_H15-1024x681.jpg 1024w, https:\/\/www.zicosite.fr\/new_site\/wp-content\/uploads\/2023\/08\/193_H15-300x200.jpg 300w, https:\/\/www.zicosite.fr\/new_site\/wp-content\/uploads\/2023\/08\/193_H15-768x511.jpg 768w, https:\/\/www.zicosite.fr\/new_site\/wp-content\/uploads\/2023\/08\/193_H15-1536x1022.jpg 1536w, https:\/\/www.zicosite.fr\/new_site\/wp-content\/uploads\/2023\/08\/193_H15.jpg 1920w\" sizes=\"auto, (max-width: 1024px) 100vw, 1024px\" \/><\/figure>\n\n\n\n<p>    Sur sc\u00e8ne, \u00ab le spectacle &#8211; concert \u00bb r\u00e9unit une trentaine de chanteurs (ses) ou com\u00e9diens (nes) qui, sous forme de solo, de duo de trio ou de chorale, reprennent des chansons connues, dans une mise en sc\u00e8ne simple mais cependant tr\u00e8s visuelle.<\/p>\n\n\n\n<figure class=\"wp-block-image size-full\"><img loading=\"lazy\" decoding=\"async\" width=\"800\" height=\"450\" src=\"https:\/\/www.zicosite.fr\/new_site\/wp-content\/uploads\/2023\/08\/107-Zicos-et-Zicos-Kids.jpg\" alt=\"\" class=\"wp-image-251\" srcset=\"https:\/\/www.zicosite.fr\/new_site\/wp-content\/uploads\/2023\/08\/107-Zicos-et-Zicos-Kids.jpg 800w, https:\/\/www.zicosite.fr\/new_site\/wp-content\/uploads\/2023\/08\/107-Zicos-et-Zicos-Kids-300x169.jpg 300w, https:\/\/www.zicosite.fr\/new_site\/wp-content\/uploads\/2023\/08\/107-Zicos-et-Zicos-Kids-768x432.jpg 768w\" sizes=\"auto, (max-width: 800px) 100vw, 800px\" \/><\/figure>\n\n\n\n<p>    Ces chanteurs (ses) sont accompagn\u00e9s d\u2019un orchestre de musiciens en \u00ab live \u00bb, qui jouent le contenu int\u00e9gral du concert : Une soixantaine de chansons fran\u00e7aises et internationales populaires, totalement r\u00e9orchestr\u00e9es pour l\u2019occasion.<\/p>\n\n\n\n<p>&nbsp;&nbsp;&nbsp; Cette troupe d\u2019artistes amateurs est entour\u00e9e d\u2019un groupe de pr\u00e8s de 30 personnes rassemblant des \u00e9quipes pour l\u2019Artistique, les Costumes, les D\u00e9cors, la Technique, l\u2019Intendance ainsi que l\u2019Administration et la Coordination G\u00e9n\u00e9rale.<\/p>\n<\/div>\n<\/div>\n\n\n\n<h2 class=\"wp-block-heading has-luminous-vivid-orange-color has-text-color has-large-font-size\"><strong>Un spectacle, pourquoi ?<\/strong><\/h2>\n\n\n\n<ul class=\"wp-block-list\">\n<li>\u00a0Pour le plaisir de partager avec le public un moment de f\u00eate, de chant, de musique, de connivence et de joie, dans une ambiance conviviale, sous les lumi\u00e8res des projecteurs avec une \u00e9quipe de pr\u00e8s de 90 personnes qui aura travaill\u00e9 b\u00e9n\u00e9volement plus de six mois \u00e0 son \u00e9laboration.<\/li>\n\n\n\n<li>\u00a0Pour le plaisir de faire vivre la chanson \u00e0 travers de nouveaux arrangements musicaux, de nouvelles voix.<\/li>\n\n\n\n<li>\u00a0Pour le plaisir d\u2019\u00e9changer avec d\u2019autres nos passions, de faire dans l\u2019amiti\u00e9 et le don de soi, pour une exp\u00e9rience et une r\u00e9alisation commune inoubliable, dans un esprit associatif entretenu.<\/li>\n\n\n\n<li>Pour l\u2019ensemble de la troupe, le projet poss\u00e8de un c\u00f4t\u00e9 \u00e9v\u00e8nementiel marquant. Une exp\u00e9rience nouvelle et exaltante, des responsabilit\u00e9s ou chaque poste est important, o\u00f9 chacun a sa place et est n\u00e9cessaire. Ce sont finalement l\u00e0 les atouts d\u2019un v\u00e9ritable engagement b\u00e9n\u00e9vole, une v\u00e9ritable aventure humaine.<\/li>\n<\/ul>\n\n\n\n<figure class=\"wp-block-image size-large is-resized\"><img loading=\"lazy\" decoding=\"async\" src=\"https:\/\/www.zicosite.fr\/new_site\/wp-content\/uploads\/2023\/08\/Autre-version-avec-TSpy-et-Laetitia-revenus-des-chiottes-1024x576.jpg\" alt=\"\" class=\"wp-image-253\" style=\"width:651px;height:367px\" width=\"651\" height=\"367\" srcset=\"https:\/\/www.zicosite.fr\/new_site\/wp-content\/uploads\/2023\/08\/Autre-version-avec-TSpy-et-Laetitia-revenus-des-chiottes-1024x576.jpg 1024w, https:\/\/www.zicosite.fr\/new_site\/wp-content\/uploads\/2023\/08\/Autre-version-avec-TSpy-et-Laetitia-revenus-des-chiottes-300x169.jpg 300w, https:\/\/www.zicosite.fr\/new_site\/wp-content\/uploads\/2023\/08\/Autre-version-avec-TSpy-et-Laetitia-revenus-des-chiottes-768x432.jpg 768w, https:\/\/www.zicosite.fr\/new_site\/wp-content\/uploads\/2023\/08\/Autre-version-avec-TSpy-et-Laetitia-revenus-des-chiottes-1536x864.jpg 1536w, https:\/\/www.zicosite.fr\/new_site\/wp-content\/uploads\/2023\/08\/Autre-version-avec-TSpy-et-Laetitia-revenus-des-chiottes.jpg 1920w\" sizes=\"auto, (max-width: 651px) 100vw, 651px\" \/><\/figure>\n","protected":false},"excerpt":{"rendered":"<p>Notre origine Association essonnienne de Villejust, Zicorama trouve son origine en 2004, quand deux associations de Saulx les Chartreux (l\u2019une orient\u00e9e \u00abTh\u00e9\u00e2tre\u00bb et l\u2019autre \u00abMusique\u00bb),\u00a0 motiv\u00e9es par leurs d\u00e9sirs communs de cr\u00e9er de nouveaux projets, d\u00e9cident de cor\u00e9aliser un spectacle dans le cadre d\u2019un partenariat associatif.\u00a0\u00a0\u00a0 Un premier spectacle a donc \u00e9t\u00e9 r\u00e9alis\u00e9 avec la [&hellip;]<\/p>\n","protected":false},"author":1,"featured_media":0,"parent":0,"menu_order":0,"comment_status":"closed","ping_status":"closed","template":"","meta":{"footnotes":""},"class_list":["post-247","page","type-page","status-publish","hentry"],"_links":{"self":[{"href":"https:\/\/www.zicosite.fr\/new_site\/wp-json\/wp\/v2\/pages\/247","targetHints":{"allow":["GET"]}}],"collection":[{"href":"https:\/\/www.zicosite.fr\/new_site\/wp-json\/wp\/v2\/pages"}],"about":[{"href":"https:\/\/www.zicosite.fr\/new_site\/wp-json\/wp\/v2\/types\/page"}],"author":[{"embeddable":true,"href":"https:\/\/www.zicosite.fr\/new_site\/wp-json\/wp\/v2\/users\/1"}],"replies":[{"embeddable":true,"href":"https:\/\/www.zicosite.fr\/new_site\/wp-json\/wp\/v2\/comments?post=247"}],"version-history":[{"count":1,"href":"https:\/\/www.zicosite.fr\/new_site\/wp-json\/wp\/v2\/pages\/247\/revisions"}],"predecessor-version":[{"id":254,"href":"https:\/\/www.zicosite.fr\/new_site\/wp-json\/wp\/v2\/pages\/247\/revisions\/254"}],"wp:attachment":[{"href":"https:\/\/www.zicosite.fr\/new_site\/wp-json\/wp\/v2\/media?parent=247"}],"curies":[{"name":"wp","href":"https:\/\/api.w.org\/{rel}","templated":true}]}}