{"id":667,"date":"2024-09-09T09:00:16","date_gmt":"2024-09-09T07:00:16","guid":{"rendered":"https:\/\/www.zicosite.fr\/new_site\/?page_id=667"},"modified":"2026-03-01T20:29:44","modified_gmt":"2026-03-01T19:29:44","slug":"il-etait-une-fois-les-zicos","status":"publish","type":"page","link":"https:\/\/www.zicosite.fr\/new_site\/","title":{"rendered":"Sur la piste des Zicos"},"content":{"rendered":"\n<p>Nous sommes heureux de vous annoncer le retour des Zicos pour un nouveau spectacle totalement in\u00e9dit en 2026<\/p>\n\n\n\n<figure class=\"wp-block-embed is-type-video is-provider-youtube wp-block-embed-youtube wp-embed-aspect-16-9 wp-has-aspect-ratio\"><div class=\"wp-block-embed__wrapper\">\n<iframe loading=\"lazy\" title=\"Bande Annonce 2026\" width=\"500\" height=\"281\" src=\"https:\/\/www.youtube.com\/embed\/bU5wc7jLNy8?feature=oembed\" frameborder=\"0\" allow=\"accelerometer; autoplay; clipboard-write; encrypted-media; gyroscope; picture-in-picture; web-share\" referrerpolicy=\"strict-origin-when-cross-origin\" allowfullscreen><\/iframe>\n<\/div><\/figure>\n\n\n\n<div class=\"wp-block-media-text alignwide is-stacked-on-mobile wp-embed-aspect-16-9 wp-has-aspect-ratio\" style=\"grid-template-columns:35% auto\"><figure class=\"wp-block-media-text__media\"><img loading=\"lazy\" decoding=\"async\" width=\"724\" height=\"1024\" src=\"https:\/\/www.zicosite.fr\/new_site\/wp-content\/uploads\/2026\/01\/affiche-Sur-la-piste-des-Zicos-724x1024.jpg\" alt=\"\" class=\"wp-image-1168 size-full\" srcset=\"https:\/\/www.zicosite.fr\/new_site\/wp-content\/uploads\/2026\/01\/affiche-Sur-la-piste-des-Zicos-724x1024.jpg 724w, https:\/\/www.zicosite.fr\/new_site\/wp-content\/uploads\/2026\/01\/affiche-Sur-la-piste-des-Zicos-212x300.jpg 212w, https:\/\/www.zicosite.fr\/new_site\/wp-content\/uploads\/2026\/01\/affiche-Sur-la-piste-des-Zicos-768x1086.jpg 768w, https:\/\/www.zicosite.fr\/new_site\/wp-content\/uploads\/2026\/01\/affiche-Sur-la-piste-des-Zicos-1086x1536.jpg 1086w, https:\/\/www.zicosite.fr\/new_site\/wp-content\/uploads\/2026\/01\/affiche-Sur-la-piste-des-Zicos-1448x2048.jpg 1448w, https:\/\/www.zicosite.fr\/new_site\/wp-content\/uploads\/2026\/01\/affiche-Sur-la-piste-des-Zicos-scaled.jpg 1810w\" sizes=\"auto, (max-width: 724px) 100vw, 724px\" \/><\/figure><div class=\"wp-block-media-text__content\">\n<p>La troupe sera \u00e0 Sainte Genevi\u00e8ve des Bois, salle G\u00e9rard Philipe<\/p>\n\n\n\n<p class=\"has-text-align-center has-primary-color has-text-color has-link-color has-large-font-size wp-elements-e3f1174fde91f00cac86c69dfaaf77b5\"><strong>du 24 au 30 septembre 2026 <\/strong><\/p>\n\n\n\n<p>La nouvelle \u00e9dition s&rsquo;intitulera \u00ab\u00a0Sur la piste des Zicos\u00a0\u00bb<\/p>\n\n\n\n<p>La billetterie sera ouverte \u00e0 partir du <strong>vendredi 6 f\u00e9vrier \u00e0 10h<\/strong>, choisissez votre (vos) date(s) pour venir nous voir :<\/p>\n\n\n\n<ul class=\"wp-block-list\">\n<li>Jeudi 24 Septembre 2026 &#8211; 20h30<\/li>\n\n\n\n<li>Vendredi 25 Septembre 2026 &#8211; 20h30<\/li>\n\n\n\n<li>Samedi 26 Septembre 2026 &#8211; 15h<\/li>\n\n\n\n<li>Samedi 26 Septembre 2026 &#8211; 20h30<\/li>\n\n\n\n<li>Dimanche 27 Septembre 2026 &#8211; 15h<\/li>\n\n\n\n<li>Lundi 28 Septembre 2026 &#8211; 20h30<\/li>\n\n\n\n<li>Mardi 29 Septembre 2026 &#8211; 20h30<\/li>\n\n\n\n<li>Mercredi 30 Septembre 2026 &#8211; 20h30<\/li>\n<\/ul>\n\n\n\n<p>L&rsquo;\u00e9quipe \u0153uvre d\u00e9j\u00e0 pour pr\u00e9senter un spectacle qu&rsquo;on esp\u00e8re \u00e9norme. On a h\u00e2te de vous retrouver !<\/p>\n\n\n\n<p>Merci \u00e0 <strong>Olivia Anduze<\/strong> pour l&rsquo;affiche<\/p>\n<\/div><\/div>\n\n\n\n<p>La billetterie est ouverte. Rendez-vous sur <a href=\"https:\/\/billetterie.festik.net\/les-zicos\/product\/sur-la-piste-des-zicos\/\" data-type=\"link\" data-id=\"https:\/\/billetterie.festik.net\/les-zicos\/product\/sur-la-piste-des-zicos\/\" target=\"_blank\" rel=\"noreferrer noopener\">festik <\/a>pour r\u00e9server vos places.<\/p>\n\n\n\n<p>Attention, <strong>seule la billetterie en ligne est diponible.<\/strong> Il n&rsquo;y a donc pas de vente sur place.<\/p>\n\n\n\n<p>En cas de difficult\u00e9s, vous pouvez nous contacter au <strong>06 26 05 38 28<\/strong><\/p>\n\n\n\n<p><\/p>\n\n\n\n<p>En attendant, vous pouvez d\u00e9couvrir toutes les informations sur les pr\u00e9c\u00e9dents spectacles dans notre rubrique <a href=\"https:\/\/www.zicosite.fr\/new_site\/spectacles\/\" data-type=\"page\" data-id=\"13\">spectacles<\/a>, lire les <a href=\"https:\/\/www.zicosite.fr\/new_site\/articles-de-presse\/\" data-type=\"page\" data-id=\"136\">articles de presse<\/a> parus au sujet de nos spectacles ou d\u00e9couvrir l&rsquo;\u00e9quipe \u00e0 travers le <a href=\"https:\/\/www.zicosite.fr\/new_site\/trombinoscopes\/il-etait-une-fois-les-zicos-2024\/\" data-type=\"page\" data-id=\"719\">trombinoscope<\/a>.<\/p>\n\n\n\n<p>Vous pouvez aussi d\u00e9couvrir les photos des concerts (et des coulisses) depuis le tout premier en 2005 dans notre rubrique <a href=\"https:\/\/www.zicosite.fr\/new_site\/les-photos-des-spectacles\/\" data-type=\"page\" data-id=\"390\">Photos<\/a><\/p>\n\n\n\n<p><\/p>\n\n\n\n<h4 class=\"wp-block-heading alignwide\">Dans les \u00e9pisodes pr\u00e9c\u00e9dents&#8230;<\/h4>\n\n\n\n<div class=\"wp-block-media-text alignwide is-stacked-on-mobile\" style=\"grid-template-columns:30% auto\"><figure class=\"wp-block-media-text__media\"><img loading=\"lazy\" decoding=\"async\" width=\"1024\" height=\"600\" src=\"https:\/\/www.zicosite.fr\/new_site\/wp-content\/uploads\/2023\/08\/20250217_5-1024x600.jpg\" alt=\"\" class=\"wp-image-1157 size-full\" srcset=\"https:\/\/www.zicosite.fr\/new_site\/wp-content\/uploads\/2023\/08\/20250217_5-1024x600.jpg 1024w, https:\/\/www.zicosite.fr\/new_site\/wp-content\/uploads\/2023\/08\/20250217_5-300x176.jpg 300w, https:\/\/www.zicosite.fr\/new_site\/wp-content\/uploads\/2023\/08\/20250217_5-768x450.jpg 768w, https:\/\/www.zicosite.fr\/new_site\/wp-content\/uploads\/2023\/08\/20250217_5-1536x899.jpg 1536w, https:\/\/www.zicosite.fr\/new_site\/wp-content\/uploads\/2023\/08\/20250217_5-2048x1199.jpg 2048w\" sizes=\"auto, (max-width: 1024px) 100vw, 1024px\" \/><\/figure><div class=\"wp-block-media-text__content\">\n<p><strong>G\u00e9n\u00e9ration Zicos<\/strong><\/p>\n\n\n\n<p>Les 10 repr\u00e9sentations du spectacle 2025 ont affich\u00e9 complet ! Merci aux pr\u00e8s de 3400 spectateurs qui sont venus f\u00eater nos 20 ans. Nous esp\u00e9rons que ce spectacle vous a donn\u00e9 autant de plaisir \u00e0 regarder que nous \u00e0 le pr\u00e9parer.<\/p>\n\n\n\n<p><\/p>\n<\/div><\/div>\n","protected":false},"excerpt":{"rendered":"<p>Nous sommes heureux de vous annoncer le retour des Zicos pour un nouveau spectacle totalement in\u00e9dit en 2026 La billetterie est ouverte. Rendez-vous sur festik pour r\u00e9server vos places. Attention, seule la billetterie en ligne est diponible. Il n&rsquo;y a donc pas de vente sur place. En cas de difficult\u00e9s, vous pouvez nous contacter au [&hellip;]<\/p>\n","protected":false},"author":1,"featured_media":0,"parent":0,"menu_order":0,"comment_status":"closed","ping_status":"closed","template":"","meta":{"footnotes":""},"class_list":["post-667","page","type-page","status-publish","hentry"],"_links":{"self":[{"href":"https:\/\/www.zicosite.fr\/new_site\/wp-json\/wp\/v2\/pages\/667","targetHints":{"allow":["GET"]}}],"collection":[{"href":"https:\/\/www.zicosite.fr\/new_site\/wp-json\/wp\/v2\/pages"}],"about":[{"href":"https:\/\/www.zicosite.fr\/new_site\/wp-json\/wp\/v2\/types\/page"}],"author":[{"embeddable":true,"href":"https:\/\/www.zicosite.fr\/new_site\/wp-json\/wp\/v2\/users\/1"}],"replies":[{"embeddable":true,"href":"https:\/\/www.zicosite.fr\/new_site\/wp-json\/wp\/v2\/comments?post=667"}],"version-history":[{"count":38,"href":"https:\/\/www.zicosite.fr\/new_site\/wp-json\/wp\/v2\/pages\/667\/revisions"}],"predecessor-version":[{"id":1180,"href":"https:\/\/www.zicosite.fr\/new_site\/wp-json\/wp\/v2\/pages\/667\/revisions\/1180"}],"wp:attachment":[{"href":"https:\/\/www.zicosite.fr\/new_site\/wp-json\/wp\/v2\/media?parent=667"}],"curies":[{"name":"wp","href":"https:\/\/api.w.org\/{rel}","templated":true}]}}

<p>Nous sommes heureux de vous annoncer le retour des Zicos pour un nouveau spectacle totalement inédit en 2026</p>



<figure class="wp-block-embed is-type-video is-provider-youtube wp-block-embed-youtube wp-embed-aspect-16-9 wp-has-aspect-ratio"><div class="wp-block-embed__wrapper">
<iframe loading="lazy" title="Bande Annonce 2026" width="500" height="281" src="https://www.youtube.com/embed/bU5wc7jLNy8?feature=oembed" frameborder="0" allow="accelerometer; autoplay; clipboard-write; encrypted-media; gyroscope; picture-in-picture; web-share" referrerpolicy="strict-origin-when-cross-origin" allowfullscreen></iframe>
</div></figure>



<div class="wp-block-media-text alignwide is-stacked-on-mobile wp-embed-aspect-16-9 wp-has-aspect-ratio" style="grid-template-columns:35% auto"><figure class="wp-block-media-text__media"><img loading="lazy" decoding="async" width="724" height="1024" src="https://www.zicosite.fr/new_site/wp-content/uploads/2026/01/affiche-Sur-la-piste-des-Zicos-724x1024.jpg" alt="" class="wp-image-1168 size-full" srcset="https://www.zicosite.fr/new_site/wp-content/uploads/2026/01/affiche-Sur-la-piste-des-Zicos-724x1024.jpg 724w, https://www.zicosite.fr/new_site/wp-content/uploads/2026/01/affiche-Sur-la-piste-des-Zicos-212x300.jpg 212w, https://www.zicosite.fr/new_site/wp-content/uploads/2026/01/affiche-Sur-la-piste-des-Zicos-768x1086.jpg 768w, https://www.zicosite.fr/new_site/wp-content/uploads/2026/01/affiche-Sur-la-piste-des-Zicos-1086x1536.jpg 1086w, https://www.zicosite.fr/new_site/wp-content/uploads/2026/01/affiche-Sur-la-piste-des-Zicos-1448x2048.jpg 1448w, https://www.zicosite.fr/new_site/wp-content/uploads/2026/01/affiche-Sur-la-piste-des-Zicos-scaled.jpg 1810w" sizes="auto, (max-width: 724px) 100vw, 724px" /></figure><div class="wp-block-media-text__content">
<p>La troupe sera à Sainte Geneviève des Bois, salle Gérard Philipe</p>



<p class="has-text-align-center has-primary-color has-text-color has-link-color has-large-font-size wp-elements-e3f1174fde91f00cac86c69dfaaf77b5"><strong>du 24 au 30 septembre 2026 </strong></p>



<p>La nouvelle édition s&rsquo;intitulera « Sur la piste des Zicos »</p>



<p>La billetterie sera ouverte à partir du <strong>vendredi 6 février à 10h</strong>, choisissez votre (vos) date(s) pour venir nous voir :</p>



<ul class="wp-block-list">
<li>Jeudi 24 Septembre 2026 &#8211; 20h30</li>



<li>Vendredi 25 Septembre 2026 &#8211; 20h30</li>



<li>Samedi 26 Septembre 2026 &#8211; 15h</li>



<li>Samedi 26 Septembre 2026 &#8211; 20h30</li>



<li>Dimanche 27 Septembre 2026 &#8211; 15h</li>



<li>Lundi 28 Septembre 2026 &#8211; 20h30</li>



<li>Mardi 29 Septembre 2026 &#8211; 20h30</li>



<li>Mercredi 30 Septembre 2026 &#8211; 20h30</li>
</ul>



<p>L&rsquo;équipe œuvre déjà pour présenter un spectacle qu&rsquo;on espère énorme. On a hâte de vous retrouver !</p>



<p>Merci à <strong>Olivia Anduze</strong> pour l&rsquo;affiche</p>
</div></div>



<p>La billetterie est ouverte. Rendez-vous sur <a href="https://billetterie.festik.net/les-zicos/product/sur-la-piste-des-zicos/" data-type="link" data-id="https://billetterie.festik.net/les-zicos/product/sur-la-piste-des-zicos/" target="_blank" rel="noreferrer noopener">festik </a>pour réserver vos places.</p>



<p>Attention, <strong>seule la billetterie en ligne est diponible.</strong> Il n&rsquo;y a donc pas de vente sur place.</p>



<p>En cas de difficultés, vous pouvez nous contacter au <strong>06 26 05 38 28</strong></p>



<p></p>



<p>En attendant, vous pouvez découvrir toutes les informations sur les précédents spectacles dans notre rubrique <a href="https://www.zicosite.fr/new_site/spectacles/" data-type="page" data-id="13">spectacles</a>, lire les <a href="https://www.zicosite.fr/new_site/articles-de-presse/" data-type="page" data-id="136">articles de presse</a> parus au sujet de nos spectacles ou découvrir l&rsquo;équipe à travers le <a href="https://www.zicosite.fr/new_site/trombinoscopes/il-etait-une-fois-les-zicos-2024/" data-type="page" data-id="719">trombinoscope</a>.</p>



<p>Vous pouvez aussi découvrir les photos des concerts (et des coulisses) depuis le tout premier en 2005 dans notre rubrique <a href="https://www.zicosite.fr/new_site/les-photos-des-spectacles/" data-type="page" data-id="390">Photos</a></p>



<p></p>



<h4 class="wp-block-heading alignwide">Dans les épisodes précédents&#8230;</h4>



<div class="wp-block-media-text alignwide is-stacked-on-mobile" style="grid-template-columns:30% auto"><figure class="wp-block-media-text__media"><img loading="lazy" decoding="async" width="1024" height="600" src="https://www.zicosite.fr/new_site/wp-content/uploads/2023/08/20250217_5-1024x600.jpg" alt="" class="wp-image-1157 size-full" srcset="https://www.zicosite.fr/new_site/wp-content/uploads/2023/08/20250217_5-1024x600.jpg 1024w, https://www.zicosite.fr/new_site/wp-content/uploads/2023/08/20250217_5-300x176.jpg 300w, https://www.zicosite.fr/new_site/wp-content/uploads/2023/08/20250217_5-768x450.jpg 768w, https://www.zicosite.fr/new_site/wp-content/uploads/2023/08/20250217_5-1536x899.jpg 1536w, https://www.zicosite.fr/new_site/wp-content/uploads/2023/08/20250217_5-2048x1199.jpg 2048w" sizes="auto, (max-width: 1024px) 100vw, 1024px" /></figure><div class="wp-block-media-text__content">
<p><strong>Génération Zicos</strong></p>



<p>Les 10 représentations du spectacle 2025 ont affiché complet ! Merci aux près de 3400 spectateurs qui sont venus fêter nos 20 ans. Nous espérons que ce spectacle vous a donné autant de plaisir à regarder que nous à le préparer.</p>



<p></p>
</div></div>

<p>Nous sommes heureux de vous annoncer le retour des Zicos pour un nouveau spectacle totalement inédit en 2026 La billetterie est ouverte. Rendez-vous sur festik pour réserver vos places. Attention, seule la billetterie en ligne est diponible. Il n&rsquo;y a donc pas de vente sur place. En cas de difficultés, vous pouvez nous contacter au [&hellip;]</p>
