{"id":822,"date":"2024-05-10T23:27:07","date_gmt":"2024-05-10T21:27:07","guid":{"rendered":"https:\/\/www.zicosite.fr\/new_site\/?page_id=822"},"modified":"2024-05-10T23:52:34","modified_gmt":"2024-05-10T21:52:34","slug":"la-play-list-de-flash-sur-les-zicos","status":"publish","type":"page","link":"https:\/\/www.zicosite.fr\/new_site\/la-play-list-de-flash-sur-les-zicos\/","title":{"rendered":"La Play List de \u00ab\u00a0Flash sur les Zicos\u00a0\u00bb"},"content":{"rendered":"<table align=\"center\">\n<tbody>\n<tr>\n<td>\n<blockquote><p><i>1) Belle &#8211; Magic in the air<\/i> <i><span style=\"color: green;\"> Aurore Michel, Laurent Rou<\/span><\/i><span style=\"color: #008000;\"><i>x et les Zicos<\/i><\/span><\/p>\n<p>2) Medley Mise en ab\u00eeme<\/p>\n<div style=\"margin-left: 72.0pt;\">\u2022 Dommage <span style=\"color: #008000;\">Laetitia Vanhoollandt, Tatiana B., Jordan Bossert, Herv\u00e9 Merkel<\/span><\/div>\n<div style=\"margin-left: 72.0pt;\">\n<p>\u2022\u00a0 J&rsquo;la croise tous les matins <span style=\"color: #008000;\"> Dorian Bedel <\/span><\/p>\n<p>\u2022\u00a0 Le blues du businessman <span style=\"color: #008000;\">Madeleine Henri<\/span><\/p>\n<p>\u2022 Nos rendez-vous <span style=\"color: #008000;\">Christine Pereira, Cristof Gere<\/span><\/p>\n<p>\u2022 A nos actes manqu\u00e9s <span style=\"color: #008000;\">Justine Fauvet, Diana Vicente<\/span><\/p>\n<\/div>\n<p>3) Un petit poisson, un petit oiseau <span style=\"color: #008000;\"> Audrey P\u00e9tric, Sandrine Griveau, Jordan Bossert<\/span><\/p>\n<p>4) Du c\u00f4t\u00e9 de chez Swann <span style=\"color: #008000;\">Laurent Brunet, Cristof Gere, Yohan Garcia<\/span><\/p>\n<p>5) Medley Enqu\u00eate<\/p>\n<p>L&rsquo;inspecteur : <span style=\"color: #008000;\">Martine Saliceti<\/span><\/p><\/blockquote>\n<div style=\"margin-left: 72.0pt;\">\n<p>\u2022 Je serai (Ta meilleure amie) <span style=\"color: #008000;\"> Viviane Vaugelade<\/p>\n<p><\/span>\u2022 Maladie d&rsquo;amour <span style=\"color: #008000;\">Jean-Luc Moral\u00e8s<\/p>\n<p><\/span>\u2022 Un peu de r\u00eave <span style=\"color: #008000;\">Aurore Michel, Maxime Frey <\/span><\/p>\n<p>\u2022 Si tu veux faire mon bonheur <span style=\"color: #008000;\"> Laurent Roux<\/span><\/p>\n<p>\u2022 J&rsquo;envoie valser <span style=\"color: #008000;\">Laura Soldini<\/span><\/p>\n<p>\u2022 Qui a tu\u00e9 grand-maman <span style=\"color: #008000;\">Tous<\/span><\/p>\n<\/div>\n<blockquote><p>6) Ecris l&rsquo;histoire <span style=\"color: #008000;\">Christine Pereira, Denis Elme, Maxime Frey <\/span><\/p>\n<p>7) Like a prayer <span style=\"color: #008000;\">Caherine Delmau-Laffargue, Tatiana B., Emilie Lacombe, Muriel Dehouck<\/span><\/p>\n<p>Choeurs : <span style=\"color: #008000;\">M\u00f6dh, Madeleine Henri, Audrey P\u00e9tric, Viviane Vaugelade, La\u00ebtitia Vanhoollandt, Dorian Bedel, Herv\u00e9 Merkel, Cristof Gere, Fabrice Fruteau, Rony, Jean-Luc Moral\u00e8s, Laurent Roux, Rony<\/span><br \/>\nDanse : <span style=\"color: #008000;\">M\u00e9rav Doukhan, Sandrine Griveau, Ga\u00eblle Josse, Diana Vicente, Justine Fauvet, Aurore Michel, Laura Soldini, Caroline Avot, H\u00e9l\u00e8ne Bial\u00e8s <\/span><\/p>\n<p>8) La m\u00eame <span style=\"color: #008000;\">Laura Soldini, M\u00f6dh, Rony, Jean-Luc Moral\u00e8s<\/span><\/p>\n<p>Le photographe et son assistante : <span style=\"color: #008000;\">Jordan Bossert, Martine Saliceti<\/span><br \/>\nChoeurs : <span style=\"color: #008000;\">Sandrine Griveau, Yohan Garcia<\/span><\/p>\n<p>9) Medley Immobilier<\/p>\n<p>L&rsquo;agent immobilier : <span style=\"color: #008000;\">Martine Saliceti<\/span><\/p>\n<div style=\"margin-left: 72.0pt;\">\u2022 Voici les cl\u00e9s <span style=\"color: #008000;\">Emilie Lacombe, Jordan Bossert<\/span><\/div>\n<div><\/div>\n<div style=\"margin-left: 72.0pt;\">\n<p>\u2022 La m\u00e8re \u00e0 Titi <span style=\"color: green;\"> M\u00e9rav Doukhan, Denis Elme <\/span><\/p>\n<p>\u2022 Lamb\u00e9 an dro <span style=\"color: #008000;\">Ga\u00eblle Josse, Madeleine Henri, Yohan Garcia<\/span><\/p>\n<p>\u2022 Money money money <span style=\"color: #008000;\">Catherine Delmau-Laffargue, St\u00e9phane Potier<\/span><\/p>\n<p>\u2022 Knockin&rsquo; on heaven&rsquo;s door <span style=\"color: #008000;\"> Muriel Dehouck, Audrey P\u00e9tric<\/span><\/p>\n<\/div>\n<p>10) Tout pour un seul homme <span style=\"color: #008000;\">La\u00ebtitia Vanhoollandt, Viviane Vaugelade <\/span><\/p>\n<p>11) Can&rsquo;t stop the feeling <span style=\"color: #008000;\">Diana Vicente, Ga\u00eblle Josse, Herv\u00e9 Merkel, Rony <\/span><\/p>\n<p>Danse :<span style=\"color: green;\"> Troupe L Swing de l&rsquo;Association Renaissance et culture, Caroline Avot, H\u00e9l\u00e8ne Bial\u00e8s, <\/span> <span style=\"color: #008000;\">M\u00e9rav Doukhan, <\/span> <span style=\"color: green;\">Sandrine Griveau,<\/span><span style=\"color: #008000;\"> Emilie Lacombe, Laura Soldini, Catherine Delmau-Laffargue, Muriel Dehouck, Justine Fauvet, Aurore Michel, Jordan Bossert, Jean-Luc Moral\u00e8s, Maxime Frey, Fabrice Fruteau, <\/span><\/p>\n<p>12) Medley All\u00f4<\/p><\/blockquote>\n<div style=\"margin-left: 72.0pt;\">\n<p>\u2022 Appelle mon num\u00e9ro <span style=\"color: #008000;\">M\u00f6dh<\/span><\/p>\n<p>\u2022 All\u00f4 monsieur l&rsquo;ordinateur <span style=\"color: green;\"> La\u00ebtitia Vanhoollandt <\/span><\/p>\n<p>\u2022 Lola <span style=\"color: #008000;\">Audrey P\u00e9tric<\/span><\/p>\n<p>\u2022 Papa Tango Charly <span style=\"color: #008000;\">Yohan Garcia<\/span><\/p>\n<p>\u2022 Call me maybe <span style=\"color: #008000;\">Christine Pereira<\/span><\/p>\n<\/div>\n<blockquote><p>13) L&rsquo;oiseau <span style=\"color: #008000;\">Justine Fauvet, Dorian Bedel<\/span><\/p>\n<p>Danse : <span style=\"color: green;\"> Troupe L Swing de l&rsquo;Association Renaissance et culture<\/span><\/p>\n<p>14) Medley 7 p\u00e9ch\u00e9s capitaux<\/p><\/blockquote>\n<div style=\"margin-left: 72.0pt;\">\n<p>\u2022 Ah si j&rsquo;\u00e9tais riche<span style=\"color: #008000;\"> Rony, Denis Elme<\/span><\/p>\n<p>\u2022 Pas assez de toi <span style=\"color: #008000;\">Emilie Lacombe, Jean-Luc Moral\u00e8s<\/span><\/p>\n<p>\u2022 Et moi, et moi, et moi <span style=\"color: #008000;\">Ga\u00eblle Josse, Laurent Brunet<\/span><\/p>\n<p>\u2022 Smell like teen spirit <span style=\"color: #008000;\"> Sandrine Griveau, Herv\u00e9 Merkel<\/span><\/p>\n<p>\u2022 Fais-moi du couscous ch\u00e9rie <span style=\"color: #008000;\"> Laura Soldini, Fabrice Fruteau<\/span><\/p>\n<p>\u2022 Sympathique <span style=\"color: #008000;\">Muriel Dehouck, M\u00e9rav Doukhan<\/span><\/p>\n<\/div>\n<div style=\"margin-left: 72.0pt;\">\n<p>\u2022 Roxanne <span style=\"color: #008000;\">Laurent Rouc, St\u00e9phane Potier<\/span><\/p>\n<\/div>\n<blockquote><p>15) C&rsquo;est pour mon papa <span style=\"color: #008000;\">M\u00e9rav Doukhan, Madeleine Henri, St\u00e9phane Potier, Cristof Gere<\/span><\/p>\n<p>Danse :<span style=\"color: #008000;\"> Viviane Vaugelade, Jean-Luc Moral\u00e8s, Laurent Roux, Fabrice Fruteau<\/span><\/p>\n<p>16) Medley Zombie<\/p>\n<p>La voyante : <span style=\"color: #008000;\">Martine Saliceti<\/span><\/p><\/blockquote>\n<div style=\"margin-left: 72.0pt;\">\n<p>\u2022 Si t&rsquo;\u00e9tais l\u00e0 <span style=\"color: #008000;\">Catherine Delmau Laffargue<\/span><\/p>\n<p>\u2022 Champagne <span style=\"color: #008000;\">Aurore Michel, Laurent Brunet<\/span><\/p>\n<p>\u2022 Zombie (The Cranberries) <span style=\"color: #008000;\"> Justine Fauvet, M\u00f6dh<\/span><\/p>\n<p>Danse :<span style=\"color: #008000;\"> Emilie Lacombe, Sandrine Griveau, Diana Vicente, Aurore Michel, Laurent Brunet, Fabrice Fruteau<\/span><\/p>\n<p>\u2022 Le moribond <span style=\"color: #008000;\">Maxime Frey<\/span><\/p>\n<p>\u2022 Zombie (Ma\u00eetre Gims) <span style=\"color: #008000;\">Sandrine Griveau, Diana Vicente<\/span><\/p>\n<p>Danse :<span style=\"color: #008000;\"> Caroline Avot, H\u00e9l\u00e8ne Bial\u00e8s, M\u00e9rav Doukhan, Justine Fauvet, M\u00f6dh, Jordan Bossert, Maxime Frey, Herv\u00e9 Merkel<\/span><\/p>\n<p>\u2022 Thriller <span style=\"color: #008000;\">Viviane Vaugelade, Fabrice Fruteau<\/span><\/p>\n<p>Danse :<span style=\"color: #008000;\"> Caroline Avot, H\u00e9l\u00e8ne Bial\u00e8s, M\u00e9rav Doukhan, Justine Fauvet, M\u00f6dh, Sandrine Griveau, Diana Vicente, Aurore Michel, Emilie Lacombe, Laurent Brunet, Jordan Bossert, Maxime Frey, Herv\u00e9 Merkel<\/span><\/p>\n<\/div>\n<blockquote><p>17) La d\u00e9claration d&rsquo;amour \/ Je te promets \/ Sur ma vie <span style=\"color: #008000;\"> Tatiana B., Fabrice Fruteau, Dorian Bedel<\/span><\/p>\n<p>18) J&rsquo;ai demand\u00e9 \u00e0 la lune <span style=\"color: #008000;\">Audrey P\u00e9tric, Christine Pereira, Madeleine Henri, Emilie Lacombe, Tatiana B., Justine Fauvet, Aurore Michel, Muriel Dehouck, Diana Vicente, La\u00ebtitia Vanhoollandt, Viviane Vaugelade, Rony, Jordan Bossert, Maxime Frey, Jean-Luc Moral\u00e8s, Cristof Gere, St\u00e9phane Potier, Dorian Bedel, Laurent Roux, Fabrice Fruteau\u00a0 et les Zicos<\/span><\/p>\n<p>19) Ca ira mieux demain <span style=\"color: #008000;\"> Ga\u00eblle Josse, Sandrine Griveau, M\u00e9rav Doukhan, La\u00ebtitia Vanhoollandt, Catherine Delmau-Laffargue, Tatiana B., Viviane Vaugelade, Laura Soldini, Muriel Dehouck, Justine Fauvet, M\u00f6dh, Herv\u00e9 Merkel, Denis Elme, Yohan Garcia, St\u00e9phane Potier, Cristof Gere, Dorian Bedel, Laurent Brunet, Laurent Roux, Fabrice Fruteau et les Zicos<\/span><\/p><\/blockquote>\n<\/td>\n<\/tr>\n<tr>\n<td>\n<p align=\"center\">\n<\/td>\n<\/tr>\n<tr>\n<td><\/td>\n<\/tr>\n<\/tbody>\n<\/table>\n","protected":false},"excerpt":{"rendered":"<p>1) Belle &#8211; Magic in the air Aurore Michel, Laurent Roux et les Zicos 2) Medley Mise en ab\u00eeme \u2022 Dommage Laetitia Vanhoollandt, Tatiana B., Jordan Bossert, Herv\u00e9 Merkel \u2022\u00a0 J&rsquo;la croise tous les matins Dorian Bedel \u2022\u00a0 Le blues du businessman Madeleine Henri \u2022 Nos rendez-vous Christine Pereira, Cristof Gere \u2022 A nos actes [&hellip;]<\/p>\n","protected":false},"author":1,"featured_media":0,"parent":0,"menu_order":0,"comment_status":"closed","ping_status":"closed","template":"","meta":{"footnotes":""},"class_list":["post-822","page","type-page","status-publish","hentry"],"_links":{"self":[{"href":"https:\/\/www.zicosite.fr\/new_site\/wp-json\/wp\/v2\/pages\/822","targetHints":{"allow":["GET"]}}],"collection":[{"href":"https:\/\/www.zicosite.fr\/new_site\/wp-json\/wp\/v2\/pages"}],"about":[{"href":"https:\/\/www.zicosite.fr\/new_site\/wp-json\/wp\/v2\/types\/page"}],"author":[{"embeddable":true,"href":"https:\/\/www.zicosite.fr\/new_site\/wp-json\/wp\/v2\/users\/1"}],"replies":[{"embeddable":true,"href":"https:\/\/www.zicosite.fr\/new_site\/wp-json\/wp\/v2\/comments?post=822"}],"version-history":[{"count":2,"href":"https:\/\/www.zicosite.fr\/new_site\/wp-json\/wp\/v2\/pages\/822\/revisions"}],"predecessor-version":[{"id":846,"href":"https:\/\/www.zicosite.fr\/new_site\/wp-json\/wp\/v2\/pages\/822\/revisions\/846"}],"wp:attachment":[{"href":"https:\/\/www.zicosite.fr\/new_site\/wp-json\/wp\/v2\/media?parent=822"}],"curies":[{"name":"wp","href":"https:\/\/api.w.org\/{rel}","templated":true}]}}