{"id":826,"date":"2024-05-10T23:32:51","date_gmt":"2024-05-10T21:32:51","guid":{"rendered":"https:\/\/www.zicosite.fr\/new_site\/?page_id=826"},"modified":"2024-05-10T23:32:51","modified_gmt":"2024-05-10T21:32:51","slug":"la-play-list-de-2016-mission-zicos","status":"publish","type":"page","link":"https:\/\/www.zicosite.fr\/new_site\/la-play-list-de-2016-mission-zicos\/","title":{"rendered":"La Play List de \u00ab\u00a02016 : Mission Zicos\u00a0\u00bb"},"content":{"rendered":"<table align=\"center\">\n<tbody>\n<tr>\n<td>\n<blockquote><p><i>1) Nougayork<\/i> <i><span style=\"color: green;\"> Guillaume Dessay, Denis Elme, Jean-Fran\u00e7ois Fourrier<\/span><\/i><span style=\"color: #008000;\"><i> et les Zicos<\/i><\/span><\/p>\n<p>2) C&rsquo;est une belle journ\u00e9e<span style=\"color: green;\"> Marie Rodrigues, Laura Soldini, <\/span><span style=\"color: #008000;\"> Anita Tichit, La\u00ebtitia Vinot\/Diana Vicente<\/span><\/p>\n<p>Danse : <span style=\"color: #008000;\">Emilie Lacombe, Sandrine Griveau, Estelle Fi\u00e9v\u00e9, Herv\u00e9 Merkel, M\u00e9rav Doukhan, No\u00e9mie Luxain, Ang\u00e9lique Igl\u00e9sias, Mathieu Don<\/span><\/p>\n<p>3) Medley Excuses<\/p>\n<div style=\"margin-left: 72.0pt;\">\u2022 Sorry seems to be the hardest word <span style=\"color: #008000;\"> Laurent Roux, Aurore Michel \/ Justine Fauvet<\/span><\/div>\n<div style=\"margin-left: 72.0pt;\">\n<p>\u2022\u00a0 Excuse-moi partenaire <span style=\"color: #008000;\">St\u00e9phane Potier, Denis Elme <\/span><\/p>\n<p>\u2022\u00a0 Ch\u00e8re amie <span style=\"color: #008000;\">M\u00e9rav Doukhan, Sandrine Rozier<\/span><\/p>\n<p>\u2022 <span style=\"font-family: Times New Roman;\">Please forgive me<\/span> <span style=\"color: #008000;\">Guillaume Dessay, Laetitia Vinot \/ Diana Vicente<\/span><\/p>\n<p>\u2022 Les regrets <span style=\"color: #008000;\">Maxime Frey \/ Dorian Bedel<\/span><\/p>\n<\/div>\n<p>Danse :<span style=\"color: #008000;\"> Caroline, Christa, H\u00e9l\u00e8ne, Audrey<\/span><\/p>\n<p>4) Pas l\u00e0 <span style=\"color: #008000;\">Cristof Gere, Mathieu Don, Herv\u00e9 Merkel<\/span><\/p>\n<p>Choeurs : <span style=\"color: #008000;\">Audrey P\u00e9tric, La\u00ebtitia Vanhoollandt, La\u00ebtitia Vinot \/ Justine Fauvet<\/p>\n<p><\/span>5) Medley Couleurs<\/p><\/blockquote>\n<div style=\"margin-left: 72.0pt;\">\n<p>\u2022 Colore <span style=\"color: #008000;\">Sandrine Rozier<\/p>\n<p><\/span>\u2022 Blue Suede Shoes <span style=\"color: #008000;\">Sandrine Griveau<\/p>\n<p><\/span>\u2022 Couleur menthe \u00e0 l&rsquo;eau <span style=\"color: #008000;\">Tatiana B., Mika Apamian <\/span><\/p>\n<p>\u2022 <span style=\"font-family: Times New Roman;\">Yellow submarine<\/span> <span style=\"color: #008000;\">Emilie Lacombe, Marie Rodrigues, Mathieu Don<\/span><\/p>\n<p>\u2022 En rouge et noir <span style=\"color: #008000;\">Laura Soldini, Dorian Bedel<\/span><\/p>\n<p>\u2022 La vie en rose <span style=\"color: #008000;\">Christine Pereira<\/span><\/p>\n<p>\u2022 True colors <span style=\"color: #008000;\">Tous<\/span><\/p>\n<\/div>\n<blockquote><p>6) Je suis malade <span style=\"color: #008000;\">La\u00ebtitia Vanhoollandt, Madeleine Henri, Guillaume Dessay <\/span><\/p>\n<p>Danse : <span style=\"color: #008000;\">Aurore Michel \/ Diana Vicente, Mika Apamian, Laura Soldini, Denis Elme, Tatiana Boulom, Maxime Frey \/ Herv\u00e9 Merkel<\/span><\/p>\n<p>7) Medley Temp\u00e9rature<\/p>\n<p>Le m\u00e9decin : <span style=\"color: #008000;\">Martine Saliceti<\/span><\/p>\n<div style=\"margin-left: 72.0pt;\">\u2022 Comme un igloo <span style=\"color: #008000;\">Estelle Fi\u00e9v\u00e9, Cristof Gere<\/span><\/div>\n<div style=\"margin-left: 72.0pt;\">\n<p>\u2022 Cho Ka Ka O <span style=\"color: #008000;\">Madeleine Henri, Sandrine Griveau<\/span><\/p>\n<p>\u2022 Fresh <span style=\"color: #008000;\">Ang\u00e9lique Igl\u00e9sias, No\u00e9mie Luxain<\/span><\/p>\n<p>\u2022 Il fait beau, il fait bon <span style=\"color: #008000;\"> Anita Tichit, Denis Elme<\/p>\n<p><\/span>\u2022 Tomber la chemise <span style=\"color: #008000;\">Marie Rodrigues, Laurent Roux<\/span><\/p>\n<\/div>\n<p>8) Parce que c&rsquo;est toi <span style=\"color: #008000;\">Emilie Lacombe, Audrey P\u00e9tric, M\u00e9rav Doukhan, Catherine Delmau-Laffargue<\/span><\/p>\n<p>9) La faute \u00e0 Voltaire \/ Double je <span style=\"color: #008000;\">Les Enfants de l&rsquo;\u00e9cole Jeanne Chanson de Villejust, Catherine Delmau-Laffargue, Maxime Frey \/ Laurent Roux<\/span><\/p>\n<p>Choeurs : <span style=\"color: #008000;\">Marie Rodrigues, Guillaume Dessay, Dorian Bedel<\/p>\n<p><\/span>10) Ca fait rire les oiseaux <span style=\"color: #008000;\">Estelle Fi\u00e9v\u00e9, Sandrine Rozier, No\u00e9mie Luxain, Yohan Garcia, Dorian Bedel <\/span><\/p>\n<p>Danse :<span style=\"color: green;\"> Troupe Speedy Rock d&rsquo;Arcueil, <\/span> <span style=\"color: #008000;\">M\u00e9rav Doukhan, <\/span> <span style=\"color: green;\">Sandrine Griveau, <\/span><span style=\"color: #008000;\">Emilie Lacombe, Ang\u00e9lique Igl\u00e9sias, Aurore Michel \/ Justine Fauvet<\/span><\/p>\n<p>11)\u00a0It&rsquo;s a Man&rsquo;s Man&rsquo;s Man&rsquo;s World <span style=\"color: #008000;\"> Audrey P\u00e9tric, Mika Apamian<\/span><\/p>\n<p>12) Medley Chanson pour les Nuls<\/p>\n<p><span style=\"color: #008000;\">Yohan Garcia, Laurent Roux<\/span><\/p><\/blockquote>\n<div style=\"margin-left: 72.0pt;\">\n<p>\u2022 Avenir <span style=\"color: green;\"> La\u00ebtitia Vanhoollandt, Auore Michel \/ Diana Vicente<\/p>\n<p><\/span>Danse : <span style=\"color: #008000;\">M\u00e9rav Doukhan, Herv\u00e9 Merkel<\/span><\/p>\n<p>\u2022 F\u00e9licie aussi <span style=\"color: green;\">Mika Apamian, Martine Saliceti <\/span><\/p>\n<p>\u2022 Tu vas me manquer <span style=\"color: #008000;\"> Dorian Bedel<\/span><\/p>\n<p>Danse :<span style=\"color: green;\"> Estelle Fi\u00e9v\u00e9, Tatiana B.<\/span><span style=\"color: #008000;\">\u00a0<\/span><\/p>\n<p>\u2022 Highway to hell <span style=\"color: #008000;\">Emilie Lacombe, La\u00ebtitia Vinot \/ Justine Fauvet<\/span><\/p>\n<p>\u2022 Hello <span style=\"color: #008000;\">No\u00e9mie Luxain<\/span><\/p>\n<\/div>\n<blockquote><p>13) La Seine <span style=\"color: #008000;\">Sandrine Griveau, Aurore Michel \/ Justine Fauvet<\/span><\/p>\n<p>Choeurs : <span style=\"color: #008000;\">Jean-Fran\u00e7ois Fourrier, Sandrine Rozier, Christine Pereira, Anita Tichit, Catherine Delmau-Laffargue<\/span><\/p>\n<p>14) Le mendiant de l&rsquo;amour <span style=\"color: #008000;\">Audrey P\u00e9tric, La\u00ebtitia Vanhoollandt, Dorian Bedel, Laurent Roux<\/span><\/p>\n<p>15) Medley D\u00e9dicaces<\/p><\/blockquote>\n<div style=\"margin-left: 72.0pt;\">\n<p>\u2022 Quand j&rsquo;\u00e9tais chanteur <span style=\"color: #008000;\">Yohan Garcia<\/span><\/p>\n<p>\u2022 When a man loves a woman <span style=\"color: #008000;\"> Madeleine Henri<\/span><\/p>\n<p>\u2022 Let&rsquo;s dance <span style=\"color: #008000;\">Jean-Fran\u00e7ois Fourrier<\/span><\/p>\n<p>\u2022 Mobilis in mobile <span style=\"color: #008000;\">St\u00e9phane Potier<\/span><\/p>\n<p>\u2022 Purple rain <span style=\"color: #008000;\">Tatiana B.<\/span><\/p>\n<\/div>\n<div style=\"margin-left: 72.0pt;\">\n<p>\u2022 Je ne vous oublie pas <span style=\"color: #008000;\">Laura Soldini<\/span><\/p>\n<\/div>\n<blockquote><p>16) You&rsquo;re the one that I want <span style=\"color: #008000;\">Christine Pereira, St\u00e9phane Potier, Ang\u00e9lique Igl\u00e9sias, Herv\u00e9 Merkel, Tatiana B., Jean-Fran\u00e7ois Fourrier<\/span><\/p>\n<p>Danse :<span style=\"color: #008000;\"> Caroline, Christa, H\u00e9l\u00e8ne, Audrey, Sandrine Griveau, M\u00e9rav Doukhan, No\u00e9mie Luxain, Laura Soldini, La\u00ebtitia Vinot \/ Diana Vicente, Dorian Bedel, Guillaume Dessay, Laurent Roux, Cristof Gere, Denis Elme, Les enfants de l&rsquo;\u00e9cole Jeanne Chanson de Villejust<\/span><\/p>\n<p>17) Music (was my first love)<span style=\"color: green;\"> Denis Neves, Nathan Bedel, Christophe Griveau \/ Jean Gobinet, Charly Villoteau, St\u00e9phane Quilbault, Fabrice Dejoie<\/span><span style=\"color: #008000;\"> et les Zicos<\/span><\/p>\n<p>Choeurs : <span style=\"color: #008000;\"> No\u00e9mie Luxain, Tatiana B., Aurore Michel \/ Justine Fauvet, Sandrine Rozier, Laura Soldini, Sandrine Griveau, Guillaume Dessay, Herv\u00e9 Merkel, Denis Elme<\/span><\/p>\n<p>18) Medley Enferm\u00e9s<\/p><\/blockquote>\n<div style=\"margin-left: 72.0pt;\">\n<p>\u2022 Tous les gar\u00e7ons et les filles <span style=\"color: #008000;\">Estelle Fi\u00e9v\u00e9, Christine Pereira<\/span><\/p>\n<p>\u2022 Suzette <span style=\"color: #008000;\">Yohan Garcia, Maxime Frey \/ Mika Apamian<\/span><\/p>\n<p>\u2022 Ton visage <span style=\"color: #008000;\">M\u00e9rav Doukhan, Mathieu Don<\/span><\/p>\n<p>\u2022 Comme de bien entendu <span style=\"color: #008000;\">Anita Tichit, Cristof Gere<\/span><\/p>\n<p>\u2022 Lib\u00e9r\u00e9e, D\u00e9livr\u00e9e <span style=\"color: #008000;\">Ang\u00e9lique Igl\u00e9sias, Catherine Delmau-Laffargue<\/span><\/p>\n<p>\u2022 L\u00e0-bas <span style=\"color: #008000;\">Herv\u00e9 Merkel<\/span><\/p>\n<\/div>\n<blockquote><p>19) On ne dit jamais assez aux gens qu&rsquo;on aime qu&rsquo;on les aime <span style=\"color: #008000;\"> Madeleine Henri, Mika Apamian, Dorian Bedel, M\u00e9rav Doukhan, Sandrine Rozier, Denis Elme, Yohan Garcia, Cristof Gere, Sandrine Griveau, Herv\u00e9 Merkel, No\u00e9mie Luxain, Christine Pereira, Laurent Roux, La\u00ebtitia Vanhoollandt, Emilie Lacombe, Martine Saliceti, Catherine Delmau-Laffargue, Marie Rodrigues, La\u00ebtitia Vinot \/ Diana Vicente et les Zicos<\/span><\/p><\/blockquote>\n<\/td>\n<\/tr>\n<tr>\n<td>\n<p align=\"center\">\n<\/td>\n<\/tr>\n<tr>\n<td><\/td>\n<\/tr>\n<\/tbody>\n<\/table>\n","protected":false},"excerpt":{"rendered":"<p>1) Nougayork Guillaume Dessay, Denis Elme, Jean-Fran\u00e7ois Fourrier et les Zicos 2) C&rsquo;est une belle journ\u00e9e Marie Rodrigues, Laura Soldini, Anita Tichit, La\u00ebtitia Vinot\/Diana Vicente Danse : Emilie Lacombe, Sandrine Griveau, Estelle Fi\u00e9v\u00e9, Herv\u00e9 Merkel, M\u00e9rav Doukhan, No\u00e9mie Luxain, Ang\u00e9lique Igl\u00e9sias, Mathieu Don 3) Medley Excuses \u2022 Sorry seems to be the hardest word Laurent [&hellip;]<\/p>\n","protected":false},"author":1,"featured_media":0,"parent":0,"menu_order":0,"comment_status":"closed","ping_status":"closed","template":"","meta":{"footnotes":""},"class_list":["post-826","page","type-page","status-publish","hentry"],"_links":{"self":[{"href":"https:\/\/www.zicosite.fr\/new_site\/wp-json\/wp\/v2\/pages\/826","targetHints":{"allow":["GET"]}}],"collection":[{"href":"https:\/\/www.zicosite.fr\/new_site\/wp-json\/wp\/v2\/pages"}],"about":[{"href":"https:\/\/www.zicosite.fr\/new_site\/wp-json\/wp\/v2\/types\/page"}],"author":[{"embeddable":true,"href":"https:\/\/www.zicosite.fr\/new_site\/wp-json\/wp\/v2\/users\/1"}],"replies":[{"embeddable":true,"href":"https:\/\/www.zicosite.fr\/new_site\/wp-json\/wp\/v2\/comments?post=826"}],"version-history":[{"count":1,"href":"https:\/\/www.zicosite.fr\/new_site\/wp-json\/wp\/v2\/pages\/826\/revisions"}],"predecessor-version":[{"id":827,"href":"https:\/\/www.zicosite.fr\/new_site\/wp-json\/wp\/v2\/pages\/826\/revisions\/827"}],"wp:attachment":[{"href":"https:\/\/www.zicosite.fr\/new_site\/wp-json\/wp\/v2\/media?parent=826"}],"curies":[{"name":"wp","href":"https:\/\/api.w.org\/{rel}","templated":true}]}}